r of 25703?
False
Is 3435 a multiple of 229?
True
Is 45 a factor of 6840?
True
Does 89 divide 70399?
True
Is 9376 a multiple of 293?
True
Does 52 divide 7956?
True
Does 21 divide 1506?
False
Is 75684 a multiple of 84?
True
Does 40 divide 91?
False
Is 891 a multiple of 20?
False
Does 54 divide 10644?
False
Is 8 a factor of 4839?
False
Is 1014 a multiple of 6?
True
Is 4 a factor of 382?
False
Does 82 divide 10027?
False
Does 22 divide 462?
True
Is 3642 even?
True
Does 15 divide 10311?
False
Does 45 divide 2656?
False
Does 10 divide 12513?
False
Is 12 a factor of 7548?
True
Is 217 a factor of 4760?
False
Does 21 divide 19596?
False
Is 52 a factor of 1489?
False
Does 4 divide 424?
True
Does 19 divide 4636?
True
Is 782 a multiple of 34?
True
Is 1750 a multiple of 35?
True
Is 25 a factor of 1525?
True
Does 14 divide 2058?
True
Is 54 a factor of 6372?
True
Is 4365 a multiple of 97?
True
Is 603 a multiple of 5?
False
Is 30 a factor of 85560?
True
Is 18 a factor of 267?
False
Is 4917 a multiple of 33?
True
Is 19167 a multiple of 3?
True
Is 4056 a multiple of 97?
False
Is 21 a factor of 630?
True
Is 11132 a multiple of 46?
True
Does 60 divide 4680?
True
Is 320 a multiple of 32?
True
Does 26 divide 9333?
False
Is 15 a factor of 3162?
False
Does 18 divide 1157?
False
Is 1192 a multiple of 8?
True
Is 48708 a multiple of 11?
True
Is 12 a factor of 7920?
True
Is 250 a factor of 19042?
False
Is 69 a factor of 1989?
False
Is 3330 a multiple of 30?
True
Is 6732 a multiple of 30?
False
Does 56 divide 4648?
True
Is 7 a factor of 3976?
True
Is 13 a factor of 768?
False
Is 917 a multiple of 131?
True
Does 52 divide 6552?
True
Is 63498 a multiple of 57?
True
Is 9 a factor of 11952?
True
Is 15 a factor of 3000?
True
Does 22 divide 16324?
True
Is 6 a factor of 6192?
True
Does 7 divide 32690?
True
Is 14 a factor of 1160?
False
Is 13699 a multiple of 19?
True
Does 13 divide 19999?
False
Is 198 a factor of 10793?
False
Does 35 divide 31570?
True
Is 132 a factor of 3080?
False
Does 25 divide 850?
True
Does 10 divide 44?
False
Is 9 a factor of 18798?
False
Is 221 a factor of 6630?
True
Is 4872 a multiple of 27?
False
Is 2 a factor of 42?
True
Is 5389 a multiple of 17?
True
Is 14 a factor of 4256?
True
Is 728 a multiple of 8?
True
Does 167 divide 28896?
False
Is 4838 a multiple of 118?
True
Is 33 a factor of 264?
True
Is 1935 a multiple of 129?
True
Does 37 divide 25177?
False
Does 163 divide 18908?
True
Is 14 a factor of 3696?
True
Is 130 a multiple of 5?
True
Does 16 divide 5261?
False
Is 9 a factor of 288?
True
Is 2268 a multiple of 4?
True
Does 25 divide 11834?
False
Does 65 divide 6837?
False
Does 52 divide 1664?
True
Is 1453 a multiple of 22?
False
Does 68 divide 61812?
True
Does 56 divide 203?
False
Is 258 a multiple of 10?
False
Does 12 divide 22356?
True
Does 10 divide 1995?
False
Is 9 a factor of 16479?
True
Is 5208 a multiple of 4?
True
Is 75337 a multiple of 169?
False
Is 21 a factor of 8802?
False
Is 41748 a multiple of 7?
True
Is 6396 a multiple of 13?
True
Is 22 a factor of 1580?
False
Is 2314 a multiple of 107?
False
Does 111 divide 5158?
False
Is 3 a factor of 4456?
False
Does 133 divide 42294?
True
Is 72 a factor of 49374?
False
Is 486 a multiple of 18?
True
Is 28 a factor of 51520?
True
Is 15 a factor of 3749?
False
Does 8 divide 128?
True
Is 34 a factor of 17817?
False
Is 12 a factor of 63432?
True
Is 1661 a multiple of 25?
False
Is 240 a multiple of 6?
True
Does 5 divide 2483?
False
Does 24 divide 5026?
False
Does 45 divide 585?
True
Is 3 a factor of 1378?
False
Does 32 divide 4228?
False
Is 5 a factor of 14110?
True
Is 10 a factor of 310?
True
Is 36 a multiple of 9?
True
Is 1386 a multiple of 22?
True
Does 32 divide 165562?
False
Does 93 divide 28215?
False
Is 132 a factor of 21780?
True
Is 374 a multiple of 22?
True
Does 16 divide 9448?
False
Does 16 divide 11296?
True
Is 73196 a multiple of 9?
False
Is 66542 a multiple of 189?
False
Is 14837 a multiple of 37?
True
Does 14 divide 322?
True
Is 4550 a multiple of 14?
True
Is 46 a factor of 3419?
False
Is 10 a factor of 240?
True
Is 46 a factor of 1622?
False
Does 43 divide 6961?
False
Does 41 divide 82536?
False
Is 23 a factor of 3059?
True
Is 66 a factor of 2046?
True
Is 104 a multiple of 11?
False
Does 90 divide 3060?
True
Is 16 a multiple of 12?
False
Is 45322 a multiple of 103?
False
Does 31 divide 155?
True
Is 13614 a multiple of 14?
False
Is 54 a factor of 3292?
False
Is 152 a factor of 3735?
False
Does 5 divide 8865?
True
Is 11 a factor of 1276?
True
Does 44 divide 1760?
True
Does 16 divide 567?
False
Is 2 a factor of 52?
True
Is 128 a multiple of 30?
False
Is 918 a multiple of 45?
False
Does 3 divide 36202?
False
Does 6 divide 20410?
False
Is 14 a factor of 1172?
False
Does 18 divide 3784?
False
Is 253 a multiple of 11?
True
Is 1400 a multiple of 14?
True
Is 364 a multiple of 14?
True
Does 13 divide 260?
True
Is 28 a factor of 80024?
True
Does 51 divide 14280?
True
Is 11700 a multiple of 6?
True
Is 433 a factor of 101322?
True
Is 1257 a multiple of 94?
False
Is 42 a factor of 1259?
False
Is 176 a factor of 11264?
True
Does 2 divide 1885?
False
Does 7 divide 4210?
False
Is 24366 a multiple of 8?
False
Is 49 a factor of 16660?
True
Is 8 a factor of 96?
True
Does 20 divide 13020?
True
Is 212 a multiple of 8?
False
Is 13 a factor of 10525?
False
Is 1888 a multiple of 140?
False
Does 11 divide 4356?
True
Does 13 divide 260?
True
Is 2505 a multiple of 2?
False
Is 7 a factor of 75?
False
Is 440 a multiple of 55?
True
Does 176 divide 28688?
True
Is 2194 a multiple of 79?
False
Is 9037 a multiple of 3?
False
Is 7 a factor of 1022?
True
Is 18267 a multiple of 5?
False
Is 109 a factor of 30112?
False
Is 26 a factor of 447?
False
Is 47208 a multiple of 8?
True
Is 34 a factor of 1904?
True
Is 23 a factor of 3024?
False
Is 255 a factor of 50774?
False
Is 2175 a multiple of 15?
True
Does 3 divide 1418?
False
Is 116 a factor of 8303?
False
Is 143 a factor of 69634?
False
Is 45 a factor of 323?
False
Does 67 divide 536?
True
Does 37 divide 259?
True
Is 34 a factor of 604?
False
Is 82 a factor of 13694?
True
Does 24 divide 4520?
False
Is 116 a factor of 24334?
False
Is 12 a factor of 14371?
False
Is 132 a multiple of 2?
True
Does 8 divide 586?
False
Does 99 divide 6824?
False
Is 69 a factor of 7176?
True
Does 59 divide 4277?
False
Is 22 a factor of 820?
False
Is 22328 a multiple of 22?
False
Is 2735 a multiple of 3?
False
Is 99 a factor of 12771?
True
Is 11 a factor of 5940?
True
Is 2 a factor of 20?
True
Does 13 divide 1106?
False
Does 135 divide 26190?
True
Is 2 a factor of 65?
False
Is 160 a factor of 36599?
False
Is 13 a factor of 705?
False
Is 9057 a multiple of 21?
False
Does 10 divide 3246?
False
Is 12 a factor of 42877?
False
Is 357 a multiple of 37?
False
Does 10 divide 1230?
True
Is 17 a factor of 425?
True
Is 121 a multiple of 21?
False
Is 39 a factor of 1872?
True
Is 10735 a multiple of 105?
False
Does 73 divide 10804?
True
Does 17 divide 2854?
False
Is 14 a factor of 7063?
False
Is 513 a multiple of 50?
False
Is 1232 a multiple of 22?
True
Does 5 divide 1150?
True
Is 15 a factor of 185?
False
Does 13 divide 209?
False
Is 112 a multiple of 9?
False
Does 7 divide 15505?
True
Does 12 divide 1062?
False
Is 4281 a multiple of 13?
False
Is 5 a factor of 10?
True
Is 6004 a multiple of 19?
True
Does 61 divide 915?
True
Is 149 a factor of 40975?
True
Does 7 divide 4141?
False
Does 140 divide 11363?
False
Is 19 a factor of 62127?
False
Is 18 a factor of 2008?
False
Is 28 a factor of 4038?
False
Is 32 a factor of 263?
False
Is 3 a factor of 84?
True
Is 27 a factor of 2434?
False
Is 75808 a multiple of 92?
True
Is 21 a factor of 6405?
True
Does 25 divide 1639?
False
Does 31 divide 442?
False
Is 174 a factor of 2250?
False
Is 111 a factor of 64158?
True
Does 29 divide 491?
False
Is 11 a factor of 20294?
False
Is 832 a multiple of 32?
True
Is 3942 a multiple of 54?
True
Does 61 divide 1342?
True
Is 1044 a multiple of 29?
True
Does 80 divide 4800?
True
Does 16 divide 336?
True
Does 13 divide 16406?
True
Does 55 divide 320?
False
Does 8 divide 42432?
True
Is 152 a factor of 3412?
False
Does 24 divide 32760?
True
Is 142 even?
True
Is 1648 a multiple of 94?
False
Is 12018 a multiple of 113?
False
Does 12 divide 6